 -2 - 1 + 0 - 2*n. Let m(p) = -67*p - 69. Let k be m(-1). Calculate v(k).
1
Let w(d) = 6*d + 47. Let s be (15/45)/(60/63 - 1). What is w(s)?
5
Let h(k) = -2*k**3 - 12*k**2 - 3*k + 40. Let v be h(-5). Let r(o) = o**3 - 6*o**2 + o - 7. Determine r(v).
-27
Let q(r) = 2*r**2 - 17*r - 5. Suppose -2*m - m + 45 = -9*a, 5*m - 4*a - 53 = 0. What is q(m)?
4
Let f = 26 + -24. Let b(r) = -f*r + 12 - 3*r - 7 + 6*r. Determine b(6).
11
Let q(v) = 3*v + 6. Let o(w) = 12*w + 356. Let u be o(-29). Give q(u).
30
Let k(q) = -2*q + 9. Let m be -15 + (-54)/(-9) + 19. Calculate k(m).
-11
Suppose 21 = 2*v + 2*x - 3*x, 5*v = -3*x + 36. Let q be 2/(-4)*(-49 + v). Suppose 2*n + q - 8 = 0. Let y(m) = m + 10. Calculate y(n).
4
Let k(r) be the first derivative of -r**5/40 + r**4/24 - 22*r**3/3 - 16. Let b(m) be the third derivative of k(m). Let l be 11/3 + (-1)/(-3). Calculate b(l).
-11
Let q be 0*2/(-4) - 0. Let p(z) = z + 70 + 64 - 155. What is p(q)?
-21
Let i(f) = f**2 - 6*f + 6. Let h = 828 - 823. Determine i(h).
1
Suppose -4*l - 5*i = -8, 8*i + 12 = 11*i. Let d(c) = -c + 1. What is d(l)?
4
Suppose 3*q - 3*j = -6*j - 6, 4*q - 2*j - 22 = 0. Let a be (6 + 12)*1/q. Let t(z) be the second derivative of -z**3/6 + 2*z. What is t(a)?
-6
Let b(w) be the second derivative of -w**4/6 + 11*w**3/6 - 7*w**2/2 + 17*w + 1. Calculate b(8).
-47
Let c(v) = -v - 6. Let t(w) be the second derivative of w**3/6 + 7*w**2/2 - 7*w. Let z(b) = -3*c(b) - 2*t(b). Give z(-4).
0
Let x(r) be the first derivative of 9/2*r**2 + 12*r + 1/4*r**4 + 3*r**3 - 11. Determine x(-8).
4
Let g(w) = w**2 - 2*w - 2. Let z(o) = -o**3 - 6*o**2 - 7*o - 5. Let q = -8 - -13. Suppose -5*j = u + 20 + 1, 5*j + 45 = q*u. Let c be z(j). What is g(c)?
13
Let n(x) = -2*x - 3*x + 14 - 17 - x**3 + 7*x**2 + 0. Calculate n(6).
3
Suppose 24 + 10 = 2*s. Let z = s - 14. Let h(o) = -3*o - o**3 + 0*o - 1 + 3*o**2 - 1 + 2*o**z. Calculate h(-4).
-6
Let c(r) = -r - 5. Let b(k) be the first derivative of 4 + k - 5/2*k**2 - 1/3*k**3. Let j be b(-4). Determine c(j).
-10
Suppose 0 = 9*a + 126 - 81. Let m(n) = -n**3 - 7*n**2 - 2*n + 7. Give m(a).
-33
Suppose 728 - 708 = 4*y, -o = -5*y + 24. Let a(p) = -6*p**2 + 9*p - 7. Let h(i) = -3*i**2 + 4*i - 3. Let d(k) = -4*a(k) + 9*h(k). Give d(o).
-2
Let h be (-1)/(-3) + 222/(-18). Let r = h + 15. Let a(t) = -t**2 - 7 - t + r + 9*t. Give a(4).
12
Let q(j) = 0 + 3 - 2*j - 4. Let d(r) = r**2 - 22*r + 1. Let x be d(23). Suppose -4*g = -i - 2*i + x, -i = 4*g + 8. Calculate q(i).
-9
Let r(u) = -3 + 93*u**2 + 2 - 29*u**2 - 33*u**2 - 30*u**2. Give r(-1).
0
Let h(u) be the first derivative of -u**4/4 + 4*u**3/3 + 3*u**2 - 4*u + 88. What is h(5)?
1
Let u be -2 + 5 + (-2)/(-1). Let s(z) = -2*z**2 - z - 1. Let h(p) = -p**2 - 2*p - 1. Let i(m) = -3*h(m) + 2*s(m). Give i(u).
-4
Let y be (1 + -5)*(-2 - 0). Suppose z - 2*z = y. Let r(p) be the third derivative of -p**5/60 - 3*p**4/8 - 3*p**3/2 + 319*p**2. What is r(z)?
-1
Suppose -n + 4*v = -12, -3*n = -3*v - 0*v. Let p(h) be the third derivative of -1/15*h**5 - 1/3*h**3 + 0*h + 0 + 0*h**4 - 1/120*h**6 + 4*h**2. Give p(n).
-2
Let g(k) = -35*k + 39. Let h(i) = 57*i - 58. Let r(x) = 8*g(x) + 5*h(x). Determine r(-5).
-3
Let b(o) be the second derivative of o**5/20 - o**3/2 - o**2 - 474*o. Give b(-1).
0
Let q(i) = i**3 - i**2 - 7. Let m be q(3). Let c(t) = 8*t + 5. Let d(x) = 15*x + 10. Let w(k) = m*c(k) - 6*d(k). Give w(4).
-13
Let m = 18 - 34. Let q be (-26)/(-4) - (-8)/m. Let r(j) = -q*j**2 + 3*j**2 - 3*j**2 - 2 - j + j**3. Determine r(6).
-8
Let w = 3 - 4. Let d(t) be the third derivative of t**6/40 - t**5/20 + t**3/3 + 16*t**2. Let u(a) = a**3 + a**2 - 1. Let p(s) = d(s) + u(s). Determine p(w).
-5
Suppose -4*x = -3*x - 2. Let p(n) = -2*n - 39. Let o be p(-20). Let h(y) = -18*y + o + 9*y + 6*y. Give h(x).
-5
Let v(l) be the second derivative of -l**4/12 - 3*l**3/2 + l + 29. Give v(-7).
14
Let n(z) = -z - 9. Suppose i - 4 = m, 4*i + 0*m + m = 11. Suppose i = s - 1. Let w be (8/s)/((-5)/10). Determine n(w).
-5
Let g(c) = c**2 + 3*c + 3. Let v = -39 - -37. Let k be v/2 + 0 + -3. What is g(k)?
7
Suppose 0 = -2*x + 3*x - 121. Let s(c) = -c**2 + x*c + 2*c**2 - 2 - 1 - 126*c. Give s(6).
3
Suppose -13*r + 5*r = -24. Suppose 2*c - 7*c + 10 = 0. Suppose r*j + 1 = c*j. Let d(m) = -4*m + 1. What is d(j)?
5
Let s(u) = u**2 - 20*u + 24. Let r be -2 + 0 - (-27 - -16). Suppose -4*v = -r*v + 95. Let z be s(v). Let y(h) = h**3 - 4*h**2 - 8*h + 6. Determine y(z).
-9
Let p = 2 + -1. Let k(a) be the second derivative of 7*a**5/60 - a**4/24 + a**3/6 - 11*a**2/2 + 10*a. Let c(r) be the first derivative of k(r). Give c(p).
7
Let z(y) = -y**2 - 3*y - 2. Let g = -17 + 19. Let c be 318/30 + g/5. Let l = c - 14. Determine z(l).
-2
Let j(w) = -w**2 + 106*w + 1029. Let x be j(-9). Let q(h) be the first derivative of h**2/2 - 8*h - 2. What is q(x)?
-14
Let a = 300 - 307. Let w(f) = -2*f**2 - 9*f + 1. Give w(a).
-34
Suppose -1 - 15 = -4*t. Suppose -3*w - t*w = 14. Let z(k) = -3*k - 3. Calculate z(w).
3
Let t(p) = -5*p - 5. Let z(w) = 1. Let d(q) = -t(q) + z(q). Let b be 42/63*1*-6. Calculate d(b).
-14
Let o(r) = r**3 - 2*r**2 + 2*r + 9. Suppose m - 16 = 4*j, -3*m - 2*j - 8 = -0*j. Let f be o(m). Let p(t) = -t**3 + 9*t**2 + t - 13. What is p(f)?
-4
Suppose 5*c = 2*h - 0*h - 9, 3*h + 21 = -4*c. Let t(g) = -37 + 13 + 10 + 11 - 3*g. Determine t(c).
6
Let x(l) = 2*l + 4. Let v(p) = p**2 + 5*p - 4. Let d(f) = f. Let g(i) = 5*d(i) - v(i). Let h be g(-3). Give x(h).
-6
Let u(a) = a**2 - 6*a + 6. Let s(b) = -b + 15. Let c = 6 + -4. Let t be 1 - (-14 + 2 + c). Let f be s(t). Give u(f).
-2
Let z(x) = 2*x**3 + 17*x**2 + 9*x + 12. Let k be z(-8). Let p(i) = 5*i - 8. Calculate p(k).
12
Let x(f) be the second derivative of -f**4/4 + 8*f**3/3 - 3*f**2 - 150*f + 1. Give x(6).
-18
Suppose 0 = -26*h - 20 - 136. Let k(d) = -d**2 - d + 1. Calculate k(h).
-29
Let i(m) = -19*m + 11. Let l(h) = -16*h + 8. Let q(b) = 5*i(b) - 6*l(b). Calculate q(-13).
-6
Suppose 5*d - t = -18 - 77, d = -2*t - 30. Let r be (-70)/d + (-2)/(-4). Let s(l) = -4*l + 4. Give s(r).
-12
Suppose 0 = x - 4*o + 2, 4*x - 2*x - 2*o = 2. Let g(b) = -b**2 + 318 - 6*b - 316 - b**x. What is g(-5)?
-18
Let v(c) = -3*c**2 - 4*c + 19. Let t(o) = -4*o**2 - 6*o + 18. Let d(h) = -2*t(h) + 3*v(h). Determine d(6).
-15
Let g(q) = -q**2 + 2*q + 6. Suppose -4*n = y - 29, 4*y - 33 = -3*n + y. Determine g(n).
-18
Let t(f) = 18*f - 12*f - 9*f - f**2 + 5 + 1. What is t(-5)?
-4
Let g(s) = 5*s - 12. Let o(v) = -v + 1. Let n(q) = g(q) + 4*o(q). Suppose -b = 38 + 65. Let m = -97 - b. Calculate n(m).
-2
Let d(i) be the third derivative of 1/120*i**6 + 0*i - 1/30*i**5 + 17 + 2*i**2 - 1/6*i**3 - 1/24*i**4. Determine d(2).
-3
Let c(t) = 2*t - 7. Let f be c(5). Let p(b) = -3*b**2 - 11*b + 11. Let h(i) = -10 - 4 + 5*i**2 + 16*i - 3. Let k(r) = 5*h(r) + 8*p(r). Calculate k(f).
-12
Let f(a) be the first derivative of -a**5/60 - a**4/8 - a**3/3 + 1. Let g(b) be the third derivative of f(b). Let v be (-11)/(-352)*-12 - 70/(-16). Give g(v).
-11
Let k(p) = -p**3 - 2*p - 28. Let c be k(0). Let t = -26 - c. Let g(o) = -o**3 + 2*o**2. Calculate g(t).
0
Let k = -22 - -27. Suppose 12*t - k*t = 28. Let d(i) = i - 1. Let w(o) = 3*o - 4. Let x(a) = 5*d(a) - w(a). What is x(t)?
7
Let t(c) = 4*c - 13. Let d(p) = 17*p - 41. Let g(m) = -2*d(m) + 7*t(m). Calculate g(5).
-39
Let l(r) = -3*r - 1. Let p(f) = f**2 - 19*f + 22. Let i be p(16). Let u be i/6 - 8/(-6). What is l(u)?
8
Let d(f) = -4 + 10*f - 5*f - 2 + 2*f. Let y(h) = -6*h + 5. Let v(a) = -5*d(a) - 6*y(a). Calculate v(6).
6
Let g(p) = -p**2 - 4*p - 5. Let x(k) = -3*k - 1. Let r be x(1). Let y be g(r). Let m(s) be the third derivative of s**5/60 + 5*s**4/24 - 3*s**2. Give m(y).
0
Let y(d) = -d. Let o(p) = p - 1. Let j(b) = -9*b + 4. Let f(x) = j(x) + 5*o(x). Let a be (1 - 3 - -2) + 1. Let q(s) = a*f(s) - 2*y(s). What is q(-1)?
1
Let m(t) = 11*t**2 - 5*t**2 + 5 - 5*t**2 - 7*t + 18*t. Calculate m(-9).
-13
Let a = -1649 - -1645. Let i(c) = -7*c - 22. What is i(a)?
6
Let u = -15 + 17. Let d(q) be the first derivative of q**u - 1/4*q**4 - q**3 + 5*q - 3. Determine d(-4).
13
Let u(q) = q**2 - 6*q - 2. Let x = 249 - 243. Determine u(x).
-2
Let l(o) = 2*o - 4. Let q = -55 - -60. Suppose -16 = q*v - 46. Determine l(v).
8
Let a = 1655 - 1660. Let c